n be (-1 - -2)/(5/j). Suppose -2*a + 172 = 4*d + d, n*a = 5*d - 166. What are the prime factors of d?
2, 17
Let z be ((-4)/10)/((-12)/1110). Suppose 0 = 3*i - z - 170. What are the prime factors of i?
3, 23
Suppose 0 = 2*s + 4*q - 18, 2*s - 3*q - 16 = -6*q. Suppose 4*j - 545 = w - 2*w, 0 = 5*w - s. List the prime factors of j.
2, 17
Let c(d) = d**3 + 3*d**2 - 10*d + 2. Let u be c(-5). Suppose 4*l - 15*x + 19*x = 1296, 3*l - u*x = 957. List the prime factors of l.
3, 107
Suppose 0 = 34*w - 17*w - 2516. List the prime factors of w.
2, 37
What are the prime factors of 1108/(5/(-5))*(-6)/6?
2, 277
Let w = 96 + -95. What are the prime factors of (3 + 6 + -21)/(w/(-10))?
2, 3, 5
What are the prime factors of (-175828)/(-339) - ((-4)/3 - -1)?
3, 173
Suppose 3*w + 28 = -0*n - 5*n, -2*w = n. Let j(a) = -12*a - 26. What are the prime factors of j(n)?
2, 5, 7
Let y(r) = -r**3 - 8*r**2 - 8*r - 4. Let u be y(-8). Let x be (-6)/(-21) + (-6)/21. Suppose x = t + 2 - 3, -v + u = -4*t. List the prime factors of v.
2
Let s be (16/(-40))/(1/(-15)). Suppose -2*a - s = -22. Suppose -4*p = 0, -28 = -a*m + 4*m + 4*p. What are the prime factors of m?
7
Let w be (24/(-14))/(2/(-7)). Suppose 0 = w*p - 2*p + 8. List the prime factors of 75 + 3 + -2 + p.
2, 37
Let y be (-3 - -1)*(-30)/4. Suppose -4*a + 0*h + 2*h = -6, 4*a + 5*h = -y. Suppose 5*k - 4*k - 16 = a. List the prime factors of k.
2
Let f(g) be the first derivative of -g**4/4 + 13*g**3/3 + 2*g**2 - 12*g + 15. What are the prime factors of f(12)?
2, 3, 5
Let x = 492 - 89. Suppose -4*b + x = -0*q - q, -b + 87 = -3*q. List the prime factors of b.
2, 3, 17
Suppose m + 2090 = 23*m. List the prime factors of m.
5, 19
Let h = 259 + 146. List the prime factors of h.
3, 5
Let z = -564 - -791. List the prime factors of z.
227
Suppose 5552 = 24*n - 3880. List the prime factors of n.
3, 131
Let i(o) = -1 + 9 + 0 - 4*o + 0*o. Let r be i(9). Let u = r + 42. List the prime factors of u.
2, 7
Let u = 34 - 36. Let r(c) = 27*c**2 + 3*c + 6. Let g be r(u). Let k = 178 - g. What are the prime factors of k?
2, 5, 7
List the prime factors of 45770/46 + -3 + -2.
2, 3, 5, 11
Suppose 3264 = 10*z + 6*z. List the prime factors of z.
2, 3, 17
List the prime factors of 24*9 - 2/8*-4.
7, 31
Let l be (160/70 + 2/(-7))*1. Suppose -i - 47 = -l*i. What are the prime factors of i?
47
Let g be (100/6)/((-2)/(-87)). Suppose -5*c = -4*t - 0*t + g, -3*t + 543 = -3*c. List the prime factors of t.
2, 3, 5
Let a(o) = -3*o**3 - 5*o**2 - 6*o - 2. Let n be a(-4). Suppose -2*j + l = -4*l - 64, 3*j + 2*l = n. What are the prime factors of 6/4*j/9?
7
Suppose 0 = 8*v + 874 - 3418. What are the prime factors of v?
2, 3, 53
Let z = -8 + 53. Let n be 0 + -1 - 3/(-1). Suppose 5*d + 0*w + 3*w = 84, 5*w - z = -n*d. What are the prime factors of d?
3, 5
List the prime factors of ((-225)/(-135))/(5/198).
2, 3, 11
Suppose 5*i = -4*m + 5660, -22*i + 23*i - m = 1141. List the prime factors of i.
2, 71
Suppose 9169 = 14*v + 643. List the prime factors of v.
3, 7, 29
Suppose 5*m = -0 + 545. What are the prime factors of m?
109
Let s(o) = -o**2 - 25*o + 34. Let v be s(-19). Suppose 8*z - v - 444 = 0. What are the prime factors of z?
2, 37
Let m(a) = a - 8. Let r be m(4). Let w be 3/r*4/(-1). Suppose -w*j + 6*j = 138. What are the prime factors of j?
2, 23
Suppose -g - 20 + 15 = 0, 2*j - 1844 = 4*g. List the prime factors of j.
2, 3, 19
Suppose 3*b - 68 = -b. Let i(x) = -x**2 + 20*x - 13. Let u(j) = j**2 - 20*j + 12. Let w(g) = 3*i(g) + 2*u(g). List the prime factors of w(b).
2, 3
Let u(t) = -2*t + 2*t - 87*t**3 + 90*t**3 - 3*t - 6. Let j be u(4). Suppose 5*d = j + 81. List the prime factors of d.
3, 17
Let h be (0 - 2)*9 + 2. Let z = -5 - h. What are the prime factors of z?
11
Suppose -3*g + 3*t = -3501, -4*g - 1171 = -5*g + 5*t. List the prime factors of g.
2, 11, 53
Suppose z = -2*t + 95, -t + 188 = 3*t + 4*z. Suppose 27*h = 22*h + 10. Suppose -h*n = 2*v - 0*v - t, -3*n = 9. What are the prime factors of v?
3
Suppose 35*h = 29*h + 42. What are the prime factors of h?
7
Suppose 2*p = -128 - 202. Let q = -32 - p. What are the prime factors of q?
7, 19
Suppose 15 = 2*b + b. Suppose 2*f - 5*q = 251, q + 841 = b*f + 179. List the prime factors of f.
7, 19
Let q(o) = -o + 15. Let x be q(12). Let h = 26 - x. List the prime factors of h.
23
Let f(s) be the third derivative of s**5/120 - s**4/12 - s**3/6 + 8*s**2. Let a(i) be the first derivative of f(i). What are the prime factors of a(19)?
17
Suppose 0 = 3*j - 42 + 15. Suppose -j*y = -12*y + 156. List the prime factors of y.
2, 13
Let d(y) = 6 - 2*y + 24*y**2 - 18*y**2 + 6*y - 2. List the prime factors of d(3).
2, 5, 7
Let g be (-1269)/18*4/(-3). Suppose g = 3*c + 34. Suppose -c = -v - i - 4*i, -v + 5*i = 0. What are the prime factors of v?
2, 5
Let h = -2 + 7. Suppose -h*m + 10*m = 90. List the prime factors of m/4*(-12)/(-9).
2, 3
Suppose -3*d - 6 = -5*n - 4, 3*d + 4*n = 7. Let g(p) = 6*p**2 - p - 3. Let z(b) = b**2 - b - 1. Let i(f) = g(f) - 2*z(f). List the prime factors of i(d).
2
Let u(b) = 312*b**3 - 2*b + 1 + 3*b + 2 - 4. List the prime factors of u(1).
2, 3, 13
Let b = 530 - -2952. What are the prime factors of b?
2, 1741
Let c = 3 - -1. Suppose 0 = 5*h + j + 97, 8 + 87 = -c*h + 5*j. List the prime factors of ((-6)/(-8))/((-5)/h).
3
Let q = -626 + 1098. List the prime factors of q.
2, 59
Let u be (0 - 0)/(13 - 11). Suppose u*f = 2*f - 5*g - 33, f = -g - 1. Suppose -d + 80 = f*o - 130, -5*o = 2*d - 261. What are the prime factors of o?
53
Suppose 0 = -3*z + 2*m + 8, -4*z - 2*m + 22 = m. Let i(r) = 5*r**2 - 5*r + 4. What are the prime factors of i(z)?
2
Let c(d) = -d**2 + 2*d - 1. Let w be c(3). Let r be (w + -1)*(-38)/5. Let u = r - 14. List the prime factors of u.
2, 3
Suppose -14*y + 203 = -77. Suppose 0 = 2*s - 7*s + 10. Suppose 5*i = y, -5*c = s*i - 0*i - 123. List the prime factors of c.
23
Let r be 2/(-5)*(8 - 38). Suppose 3*m = 6 + r. Let x = 12 - m. What are the prime factors of x?
2, 3
Suppose 2*x + 800 + 571 = m, -1356 = -m + 5*x. What are the prime factors of m?
1381
Suppose h + 20 + 13 = 4*p, -h = -2*p + 23. Let a = 15 + h. What are the prime factors of a/(28/(-12) - -3)?
3
Suppose 4*k + 5*z = -3 + 12, 4*k - 5*z = 39. Let o(h) be the first derivative of 5*h**2/2 - 8*h - 1. What are the prime factors of o(k)?
2, 11
Suppose 0 = 4*p - 6884 - 17412. What are the prime factors of p?
2, 3037
List the prime factors of 3/36*6388*3.
1597
Suppose 0 = -4*l + 2*l + 10. Suppose 0 = -l*k - 20, 2*k + 14 = 5*i - 4*i. List the prime factors of i.
2, 3
Suppose 0 = 3*c + 4*o - 56, 6*c - 98 = c - 2*o. Let x be 16/c - 453/(-15). Suppose 3*l - x = 2*l. What are the prime factors of l?
31
Suppose 0 = -v - 3*n + 14, -4*v - 4*n - 4 + 36 = 0. Suppose v = -b + 78. What are the prime factors of b?
73
Let j = 1851 - -2340. List the prime factors of j.
3, 11, 127
Suppose 0 = -3*j + 5*x + 6, -3*j - 3*x + 6 = -4*x. Suppose 0 = 2*m + 4*v - 362, -2*m + v + j*v = -341. What are the prime factors of m?
5, 7
What are the prime factors of (-6)/18 + ((-9748)/(-12) - -1)?
3, 271
Suppose 2*k + 8*k - 39200 = 0. Suppose -1145 + k = 15*r. What are the prime factors of r?
5, 37
Suppose u - z = -0*z, -4 = -2*u + z. Suppose -u*w = 4*w - 664. What are the prime factors of w?
83
Let s = 1254 - 868. What are the prime factors of s?
2, 193
Let v(b) = -10*b - 20. Let m be v(-25). Suppose -2*c + 458 = 5*i + 154, m = 4*i - 5*c. List the prime factors of i.
2, 3, 5
Let r be (-1183)/(-15) - (-26)/195. Suppose 0 = -2*h + 5*u + r + 44, 0 = 2*h - 3*u - 125. List the prime factors of h.
2
Let j = -1456 - -2040. What are the prime factors of j?
2, 73
List the prime factors of -104*13/((-143)/220).
2, 5, 13
Suppose -p = 5*r - 1597, 3*r = -19*p + 15*p + 6473. List the prime factors of p.
2, 811
Suppose 11*s - 8*s = -24. Let v(h) = -h**3 - 9*h**2 - 9*h + 9. What are the prime factors of v(s)?
17
Suppose -20*m + 14*m = -600. What are the prime factors of m?
2, 5
Suppose x - b - 1749 = 0, 21*x = 25*x + 4*b - 6988. List the prime factors of x.
2, 19, 23
Let m be -4*(-1)/4*1. Suppose 3*j - 3*o = -m - 2, 5*j = 2*o + 10. List the prime factors of j.
2
Let s be 134 + 6 + -4 + (4 - 3). Suppose -70 = t - 2*t - m, 2*t + m = s. List the prime factors of t.
67
Let x(g) be the thi